{"id":27,"date":"2016-01-29T22:20:44","date_gmt":"2016-01-29T22:20:44","guid":{"rendered":"http:\/\/ipagdansk.pl\/?page_id=27"},"modified":"2026-01-27T18:06:56","modified_gmt":"2026-01-27T18:06:56","slug":"jak-sie-zapisac","status":"publish","type":"page","link":"https:\/\/ipagdansk.pl\/?page_id=27","title":{"rendered":"Jak si\u0119 zapisa\u0107"},"content":{"rendered":"<p>Nale\u017cy pobra\u0107 i wype\u0142ni\u0107 deklaracj\u0119 cz\u0142onkowsk\u0105<\/p>\n<p><a href=\"http:\/\/ipagdansk.pl\/wp-content\/uploads\/do-pobrania\/deklaracja-ipa.pdf\" target=\"_blank\" rel=\"noopener\"><img loading=\"lazy\" decoding=\"async\" class=\"size-medium wp-image-28 aligncenter\" src=\"http:\/\/ipagdansk.pl\/wp-content\/uploads\/2016\/01\/deklaracja-207x300.png\" alt=\"deklaracja\" width=\"207\" height=\"300\" \/><\/a><\/p>\n<p>Wype\u0142nion\u0105 deklaracj\u0119 oraz potwierdzenie op\u0142aty sk\u0142adamy u Przewodnicz\u0105cego Regionu IPA SG GDA\u0143SK kol. Roberta Zientarskiego ( Morski Oddzia\u0142 Stra\u017cy Granicznej &#8211; Wydzia\u0142 Graniczny)<\/p>\n<p>Wp\u0142at dokonujemy na konto Santander nr<\/p>\n<p><img loading=\"lazy\" decoding=\"async\" class=\"aligncenter size-full wp-image-154\" src=\"http:\/\/ipagdansk.pl\/wp-content\/uploads\/2019\/08\/santander-firmowe.jpg\" alt=\"\" width=\"300\" height=\"29\" \/><\/p>\n<p>Nazwa Odbiorcy Region IPA SG Gda\u0144sk<br \/>\nTytu\u0142 p\u0142atno\u015bci:\u00a0 Imi\u0119 Nazwisko &#8211; wp\u0142ata cz\u0142onkowska<\/p>\n<p><strong>Kwota p\u0142atno\u015bci w 2026 roku:<\/strong><\/p>\n<p>Osoby, kt\u00f3re po raz pierwszy wst\u0119puj\u0105 do IPA uiszczaj\u0105 op\u0142at\u0119 w wysoko\u015bci 210 z\u0142<br \/>\nCz\u0142onkowie IPA, wp\u0142acaj\u0105 sk\u0142adk\u0119 w wysoko\u015bci 150 z\u0142<\/p>\n","protected":false},"excerpt":{"rendered":"<p>Nale\u017cy pobra\u0107 i wype\u0142ni\u0107 deklaracj\u0119 cz\u0142onkowsk\u0105 Wype\u0142nion\u0105 deklaracj\u0119 oraz potwierdzenie op\u0142aty sk\u0142adamy u Przewodnicz\u0105cego Regionu IPA SG GDA\u0143SK kol. Roberta Zientarskiego ( Morski Oddzia\u0142 Stra\u017cy Granicznej &#8211; Wydzia\u0142 Graniczny) Wp\u0142at dokonujemy na konto Santander nr Nazwa Odbiorcy Region IPA SG Gda\u0144sk Tytu\u0142 p\u0142atno\u015bci:\u00a0 Imi\u0119 Nazwisko &#8211; wp\u0142ata cz\u0142onkowska Kwota p\u0142atno\u015bci w 2026 roku: Osoby, kt\u00f3re po raz pierwszy wst\u0119puj\u0105 do<\/p>\n","protected":false},"author":1,"featured_media":0,"parent":0,"menu_order":0,"comment_status":"closed","ping_status":"closed","template":"","meta":{"footnotes":""},"class_list":["post-27","page","type-page","status-publish","hentry"],"_links":{"self":[{"href":"https:\/\/ipagdansk.pl\/index.php?rest_route=\/wp\/v2\/pages\/27"}],"collection":[{"href":"https:\/\/ipagdansk.pl\/index.php?rest_route=\/wp\/v2\/pages"}],"about":[{"href":"https:\/\/ipagdansk.pl\/index.php?rest_route=\/wp\/v2\/types\/page"}],"author":[{"embeddable":true,"href":"https:\/\/ipagdansk.pl\/index.php?rest_route=\/wp\/v2\/users\/1"}],"replies":[{"embeddable":true,"href":"https:\/\/ipagdansk.pl\/index.php?rest_route=%2Fwp%2Fv2%2Fcomments&post=27"}],"version-history":[{"count":27,"href":"https:\/\/ipagdansk.pl\/index.php?rest_route=\/wp\/v2\/pages\/27\/revisions"}],"predecessor-version":[{"id":234,"href":"https:\/\/ipagdansk.pl\/index.php?rest_route=\/wp\/v2\/pages\/27\/revisions\/234"}],"wp:attachment":[{"href":"https:\/\/ipagdansk.pl\/index.php?rest_route=%2Fwp%2Fv2%2Fmedia&parent=27"}],"curies":[{"name":"wp","href":"https:\/\/api.w.org\/{rel}","templated":true}]}}